{"id":1298,"date":"2012-10-11T14:19:29","date_gmt":"2012-10-11T12:19:29","guid":{"rendered":"https:\/\/www.asv-kiel.de\/fidk\/?page_id=1298"},"modified":"2012-10-11T14:19:56","modified_gmt":"2012-10-11T12:19:56","slug":"wer-wir-sind","status":"publish","type":"page","link":"https:\/\/www.asv-kiel.de\/fidk\/?page_id=1298","title":{"rendered":"Wer wir sind"},"content":{"rendered":"<p>F\u00fcr alle, die den ASV (noch) nicht kennen: Wir <a href=\"https:\/\/www.asv-kiel.de\/fidk\/wp-content\/uploads\/2012\/10\/Stander_quadrat_200px.jpg\" rel=\"lightbox[1298]\"><img loading=\"lazy\" class=\"alignright size-full wp-image-1299\" title=\"Stander_quadrat_200px\" src=\"https:\/\/www.asv-kiel.de\/fidk\/wp-content\/uploads\/2012\/10\/Stander_quadrat_200px.jpg\" alt=\"\" width=\"200\" height=\"200\" srcset=\"https:\/\/www.asv-kiel.de\/fidk\/wp-content\/uploads\/2012\/10\/Stander_quadrat_200px.jpg 200w, https:\/\/www.asv-kiel.de\/fidk\/wp-content\/uploads\/2012\/10\/Stander_quadrat_200px-150x150.jpg 150w, https:\/\/www.asv-kiel.de\/fidk\/wp-content\/uploads\/2012\/10\/Stander_quadrat_200px-170x170.jpg 170w\" sizes=\"(max-width: 200px) 100vw, 200px\" \/><\/a>sind ein inzwischen seit 102 Jahren bestehender studentischer Segelverein und direkt an der Kiellinie (das ist sozusagen die Promenade an der Kieler F\u00f6rde) angesiedelt. Unser Vereinsziel ist, Studenten das Segeln zu erm\u00f6glichen. Wir haben mehrere vereinseigene Schiffe, wovon unser Flaggschiff <a title=\"Unser Schiff\" href=\"https:\/\/www.asv-kiel.de\/fidk\/?page_id=1282\"><em>Peter von Danzig<\/em><\/a> mit seinen 55 Fu\u00df (17m) das gr\u00f6\u00dfte ist. Gesegelt wird nat\u00fcrlich viel in den heimischen Gew\u00e4ssern, aber insbesondere mit dem <em>Peter<\/em> auch weltweit. Alle 2-3 Jahre juckt es uns wieder in den Fingern und wir brechen zu einer gr\u00f6\u00dferen Reise auf. So tr\u00e4umten wir \u00fcber ein Jahr vor Beginn der Reise von einem Winter in der Karibik und entwickelten nach und nach die Idee unserer \u201eFlucht in die Karibik\u201c. Das Schiff ist w\u00e4hrend des T\u00f6rns \u00fcberwiegend von Vereinsmitgliedern (aktuelle und ehemalige Studenten) besetzt. Davon sind einige Langsegler und verbringen gleich mehrere Monate an Bord, w\u00e4hrend andere nur ihren zweiw\u00f6chigen Winterurlaub im Warmen verbringen. Auf jeder Etappe sind immer 12 Mann Besatzung an Bord, durch Crewwechsel werden aber ca. 100 Teilnehmer auf die Reise gehen. Den genauen Etappenplan k\u00f6nnt ihr <a title=\"Etappenplan\" href=\"https:\/\/www.asv-kiel.de\/fidk\/?page_id=1089\">hier <\/a>sehen.<\/p>\n","protected":false},"excerpt":{"rendered":"<p>F\u00fcr alle, die den ASV (noch) nicht kennen: Wir sind ein inzwischen seit 102 Jahren bestehender studentischer Segelverein und direkt an der Kiellinie (das ist sozusagen die Promenade an der Kieler F\u00f6rde) angesiedelt. Unser Vereinsziel ist, Studenten das Segeln zu &hellip; <a href=\"https:\/\/www.asv-kiel.de\/fidk\/?page_id=1298\">Weiterlesen <span class=\"meta-nav\">&rarr;<\/span><\/a><\/p>\n","protected":false},"author":2,"featured_media":0,"parent":0,"menu_order":0,"comment_status":"open","ping_status":"open","template":"","meta":{"ngg_post_thumbnail":0,"_links_to":"","_links_to_target":""},"_links":{"self":[{"href":"https:\/\/www.asv-kiel.de\/fidk\/index.php?rest_route=\/wp\/v2\/pages\/1298"}],"collection":[{"href":"https:\/\/www.asv-kiel.de\/fidk\/index.php?rest_route=\/wp\/v2\/pages"}],"about":[{"href":"https:\/\/www.asv-kiel.de\/fidk\/index.php?rest_route=\/wp\/v2\/types\/page"}],"author":[{"embeddable":true,"href":"https:\/\/www.asv-kiel.de\/fidk\/index.php?rest_route=\/wp\/v2\/users\/2"}],"replies":[{"embeddable":true,"href":"https:\/\/www.asv-kiel.de\/fidk\/index.php?rest_route=%2Fwp%2Fv2%2Fcomments&post=1298"}],"version-history":[{"count":1,"href":"https:\/\/www.asv-kiel.de\/fidk\/index.php?rest_route=\/wp\/v2\/pages\/1298\/revisions"}],"predecessor-version":[{"id":1300,"href":"https:\/\/www.asv-kiel.de\/fidk\/index.php?rest_route=\/wp\/v2\/pages\/1298\/revisions\/1300"}],"wp:attachment":[{"href":"https:\/\/www.asv-kiel.de\/fidk\/index.php?rest_route=%2Fwp%2Fv2%2Fmedia&parent=1298"}],"curies":[{"name":"wp","href":"https:\/\/api.w.org\/{rel}","templated":true}]}}

<p>Für alle, die den ASV (noch) nicht kennen: Wir <a href="https://www.asv-kiel.de/fidk/wp-content/uploads/2012/10/Stander_quadrat_200px.jpg" rel="lightbox[1298]"><img loading="lazy" class="alignright size-full wp-image-1299" title="Stander_quadrat_200px" src="https://www.asv-kiel.de/fidk/wp-content/uploads/2012/10/Stander_quadrat_200px.jpg" alt="" width="200" height="200" srcset="https://www.asv-kiel.de/fidk/wp-content/uploads/2012/10/Stander_quadrat_200px.jpg 200w, https://www.asv-kiel.de/fidk/wp-content/uploads/2012/10/Stander_quadrat_200px-150x150.jpg 150w, https://www.asv-kiel.de/fidk/wp-content/uploads/2012/10/Stander_quadrat_200px-170x170.jpg 170w" sizes="(max-width: 200px) 100vw, 200px" /></a>sind ein inzwischen seit 102 Jahren bestehender studentischer Segelverein und direkt an der Kiellinie (das ist sozusagen die Promenade an der Kieler Förde) angesiedelt. Unser Vereinsziel ist, Studenten das Segeln zu ermöglichen. Wir haben mehrere vereinseigene Schiffe, wovon unser Flaggschiff <a title="Unser Schiff" href="https://www.asv-kiel.de/fidk/?page_id=1282"><em>Peter von Danzig</em></a> mit seinen 55 Fuß (17m) das größte ist. Gesegelt wird natürlich viel in den heimischen Gewässern, aber insbesondere mit dem <em>Peter</em> auch weltweit. Alle 2-3 Jahre juckt es uns wieder in den Fingern und wir brechen zu einer größeren Reise auf. So träumten wir über ein Jahr vor Beginn der Reise von einem Winter in der Karibik und entwickelten nach und nach die Idee unserer „Flucht in die Karibik“. Das Schiff ist während des Törns überwiegend von Vereinsmitgliedern (aktuelle und ehemalige Studenten) besetzt. Davon sind einige Langsegler und verbringen gleich mehrere Monate an Bord, während andere nur ihren zweiwöchigen Winterurlaub im Warmen verbringen. Auf jeder Etappe sind immer 12 Mann Besatzung an Bord, durch Crewwechsel werden aber ca. 100 Teilnehmer auf die Reise gehen. Den genauen Etappenplan könnt ihr <a title="Etappenplan" href="https://www.asv-kiel.de/fidk/?page_id=1089">hier </a>sehen.</p>

<p>Für alle, die den ASV (noch) nicht kennen: Wir sind ein inzwischen seit 102 Jahren bestehender studentischer Segelverein und direkt an der Kiellinie (das ist sozusagen die Promenade an der Kieler Förde) angesiedelt. Unser Vereinsziel ist, Studenten das Segeln zu &hellip; <a href="https://www.asv-kiel.de/fidk/?page_id=1298">Weiterlesen <span class="meta-nav">&rarr;</span></a></p>
