{"id":1282,"date":"2012-10-08T10:36:32","date_gmt":"2012-10-08T08:36:32","guid":{"rendered":"https:\/\/www.asv-kiel.de\/fidk\/?page_id=1282"},"modified":"2012-10-12T08:51:12","modified_gmt":"2012-10-12T06:51:12","slug":"unser-schiff","status":"publish","type":"page","link":"https:\/\/www.asv-kiel.de\/fidk\/?page_id=1282","title":{"rendered":"Unser Schiff"},"content":{"rendered":"<p><strong><em>&#8222;\u00dcber den Atlantik? Mit was f\u00fcr einem Schiff denn?&#8220;<\/em><\/strong><br \/>\nDiese Frage h\u00f6ren wir oft, daher gibt es hier ein paar Informationen zu unserem Schiff.<\/p>\n<p><a href=\"https:\/\/www.asv-kiel.de\/fidk\/wp-content\/uploads\/2012\/10\/Dsv-peter-2.jpg\" rel=\"lightbox-gallery\"><img loading=\"lazy\" class=\"alignleft size-thumbnail wp-image-1304\" title=\"Peter von Danzig am Wind\" src=\"https:\/\/www.asv-kiel.de\/fidk\/wp-content\/uploads\/2012\/10\/Dsv-peter-2-e1350024648655-150x150.jpg\" alt=\"\" width=\"150\" height=\"150\" \/><\/a>Der <em>Peter von Danzig<\/em> ist ein 55 Fu\u00df Seekreuzer, gebaut nach einem Entwurf von Georg Nissen bei den Thyssen Nordseewerken in Emden 1992. Er ersetzt den gleichnamigen Vorg\u00e4nger, der \u00fcber 50 Jahre f\u00fcr die Hochseesegeltradition des Akademischen Segler-Vereins stand.<br \/>\nDer <em>Peter von Danzig<\/em> wurde speziell nach den Anforderungen des ASV nach einer schnellen und sicheren Hochseesegelyacht konstruiert und gebaut.<\/p>\n<p>Seit seiner Indienststellung 1992 hat sich der <em>Peter<\/em> \u00fcberaus erfolgreich im Hochseesegelsport bew\u00e4hrt. Er \u00fcberquerte bereits zehnmal den Atlantik, segelte nach Gr\u00f6nland und Island und umrundete in einer Hochseeregatta einmal den Globus. Der <em>Peter<\/em> ist regelm\u00e4\u00dfiger Teilnehmer an Kieler Woche, Nordseewoche und Cowes Week.<\/p>\n<p><a href=\"https:\/\/www.asv-kiel.de\/fidk\/wp-content\/uploads\/2012\/10\/Peter_von_Danzig.jpg\" rel=\"lightbox-gallery\"><img loading=\"lazy\" class=\"alignleft size-thumbnail wp-image-1284\" title=\"Peter von Danzig\" src=\"https:\/\/www.asv-kiel.de\/fidk\/wp-content\/uploads\/2012\/10\/Peter_von_Danzig-150x150.jpg\" alt=\"\" width=\"150\" height=\"150\" \/><\/a>Mit dem <em>Peter von Danzig<\/em> erm\u00f6glicht der ASV Studentinnen und Studenten das Erlernen des Hochseesegelns. Auf 17 Metern L\u00e4nge finden 12 Crewmitglieder Platz, die gemeinsam den <em>Peter<\/em> \u00fcber die Ozeane segeln. An Deck wird der <em>Peter<\/em> als sportliche Regattayacht gesegelt. Das bedeutet, dass es keine Rollsegel gibt, jeder Segelwechsel wird von Hand vorbereitet und im Team durchgef\u00fchrt. Elektrische Winschen sucht man vergeblich, die Schoten und Fallen werden mit <a href=\"https:\/\/www.asv-kiel.de\/fidk\/wp-content\/uploads\/2012\/09\/Farewell_4.jpg\" rel=\"lightbox-gallery\"><img loading=\"lazy\" class=\"alignleft size-thumbnail wp-image-1244\" title=\"Farewell Peter von Danzig\" src=\"https:\/\/www.asv-kiel.de\/fidk\/wp-content\/uploads\/2012\/09\/Farewell_4-150x150.jpg\" alt=\"Farewell Peter von Danzig!\" width=\"150\" height=\"150\" \/><\/a>Muskelkraft eisern dichtgeholt, genau wie auf professionellen Regattayachten. Die Segelgarderobe des <em>Peter<\/em> kann den Wind- und Wellenverh\u00e4ltnissen st\u00e4ndig optimal angepasst werden: So stehen f\u00fcr Amwindkurse drei unterschiedlich gro\u00dfe Vorsegel zur Verf\u00fcgung, auf Kursen vor dem Wind k\u00f6nnen drei unterschiedliche farbenfrohe Spinnaker gesetzt werden, und f\u00fcr den Einsatz im Sturm liegen Trysegel und Sturmfock bereit.<\/p>\n<p>Unter Deck bietet der <em>Peter<\/em> seiner Crew eine f\u00fcr die Langfahrt optimierte Innenaufteilung. F\u00fcr die pers\u00f6nliche Ruhe stehen 10 feste Kojen zur Verf\u00fcgung. Ein gro\u00dfer, gem\u00fctlicher Salon bietet gemeinsamen Aufenthalt auf See und im Hafen. Und die Navigation h\u00e4lt alle erdenklichen Raffinessen zeitgem\u00e4\u00dfer aber auch traditioneller Seefahrt vor: Sextant, GPS, AIS, elektronischer NAVTEX- und Wetterfaxempf\u00e4nger, Kurz- und Grenzwellenfunk, UKW-DSC Sprechfunk, Satellitentelefon, Inmarsat-C, Bord-PC, &#8230;.<\/p>\n<p>Eine chronologische \u00dcbersicht \u00fcber die bisher durchgef\u00fchrten Reisen kann auf unserer <a href=\"http:\/\/www.asv-kiel.net\/pages\/unsere-schiffe\/peter-von-danzig.php\" target=\"_blank\">Vereinshomepage <\/a>eingesehen werden.<\/p>\n<p><strong>Technische Daten:<\/strong><\/p>\n<table border=\"1\" cellspacing=\"0\" cellpadding=\"5\">\n<tbody>\n<tr>\n<th>Typ<\/th>\n<td>Nissen 55<\/td>\n<\/tr>\n<tr>\n<th>Werft<\/th>\n<td>Thyssen Nordseewerke, Emden<\/td>\n<\/tr>\n<tr>\n<th>Baujahr<\/th>\n<td>1992<\/td>\n<\/tr>\n<tr>\n<th>Takelung<\/th>\n<td>Sloop, kuttergetakelt<\/td>\n<\/tr>\n<tr>\n<th>L\u00e4nge \u00fcber alles<\/th>\n<td>17,01 m (55 ft)<\/td>\n<\/tr>\n<tr>\n<th>Breite<\/th>\n<td>4,85 m<\/td>\n<\/tr>\n<tr>\n<th>Tiefgang<\/th>\n<td>2,97 m<\/td>\n<\/tr>\n<tr>\n<th>Verdr\u00e4ngung<\/th>\n<td>19,89 t<\/td>\n<\/tr>\n<tr>\n<th>Masth\u00f6he \u00fcber Wasserlinie<\/th>\n<td>25 m<\/td>\n<\/tr>\n<tr>\n<th>Segelfl\u00e4che<\/th>\n<td>190 m\u00b2 (am Wind) \/ 240 m\u00b2 (Spi)<\/td>\n<\/tr>\n<tr>\n<th>Besatzung<\/th>\n<td>8 &#8211; 12<\/td>\n<\/tr>\n<tr>\n<th>Fahrtgebiet<\/th>\n<td>Weltweit<\/td>\n<\/tr>\n<\/tbody>\n<\/table>\n<p><a href=\"https:\/\/www.asv-kiel.de\/fidk\/wp-content\/uploads\/2012\/10\/PvD-Riss-komplett-sw.png\" rel=\"lightbox-gallery\"><img loading=\"lazy\" class=\"aligncenter size-large wp-image-1286\" title=\"PvD Riss komplett sw\" src=\"https:\/\/www.asv-kiel.de\/fidk\/wp-content\/uploads\/2012\/10\/PvD-Riss-komplett-sw-1024x705.png\" alt=\"\" width=\"584\" height=\"402\" srcset=\"https:\/\/www.asv-kiel.de\/fidk\/wp-content\/uploads\/2012\/10\/PvD-Riss-komplett-sw-1024x705.png 1024w, https:\/\/www.asv-kiel.de\/fidk\/wp-content\/uploads\/2012\/10\/PvD-Riss-komplett-sw-300x206.png 300w, https:\/\/www.asv-kiel.de\/fidk\/wp-content\/uploads\/2012\/10\/PvD-Riss-komplett-sw-768x529.png 768w, https:\/\/www.asv-kiel.de\/fidk\/wp-content\/uploads\/2012\/10\/PvD-Riss-komplett-sw-436x300.png 436w, https:\/\/www.asv-kiel.de\/fidk\/wp-content\/uploads\/2012\/10\/PvD-Riss-komplett-sw-170x117.png 170w, https:\/\/www.asv-kiel.de\/fidk\/wp-content\/uploads\/2012\/10\/PvD-Riss-komplett-sw-600x413.png 600w, https:\/\/www.asv-kiel.de\/fidk\/wp-content\/uploads\/2012\/10\/PvD-Riss-komplett-sw-435x300.png 435w, https:\/\/www.asv-kiel.de\/fidk\/wp-content\/uploads\/2012\/10\/PvD-Riss-komplett-sw.png 1298w\" sizes=\"(max-width: 584px) 100vw, 584px\" \/><\/a><\/p>\n","protected":false},"excerpt":{"rendered":"<p>&#8222;\u00dcber den Atlantik? Mit was f\u00fcr einem Schiff denn?&#8220; Diese Frage h\u00f6ren wir oft, daher gibt es hier ein paar Informationen zu unserem Schiff. Der Peter von Danzig ist ein 55 Fu\u00df Seekreuzer, gebaut nach einem Entwurf von Georg Nissen &hellip; <a href=\"https:\/\/www.asv-kiel.de\/fidk\/?page_id=1282\">Weiterlesen <span class=\"meta-nav\">&rarr;<\/span><\/a><\/p>\n","protected":false},"author":2,"featured_media":0,"parent":0,"menu_order":0,"comment_status":"closed","ping_status":"open","template":"","meta":{"ngg_post_thumbnail":0,"_links_to":"","_links_to_target":""},"_links":{"self":[{"href":"https:\/\/www.asv-kiel.de\/fidk\/index.php?rest_route=\/wp\/v2\/pages\/1282"}],"collection":[{"href":"https:\/\/www.asv-kiel.de\/fidk\/index.php?rest_route=\/wp\/v2\/pages"}],"about":[{"href":"https:\/\/www.asv-kiel.de\/fidk\/index.php?rest_route=\/wp\/v2\/types\/page"}],"author":[{"embeddable":true,"href":"https:\/\/www.asv-kiel.de\/fidk\/index.php?rest_route=\/wp\/v2\/users\/2"}],"replies":[{"embeddable":true,"href":"https:\/\/www.asv-kiel.de\/fidk\/index.php?rest_route=%2Fwp%2Fv2%2Fcomments&post=1282"}],"version-history":[{"count":1,"href":"https:\/\/www.asv-kiel.de\/fidk\/index.php?rest_route=\/wp\/v2\/pages\/1282\/revisions"}],"predecessor-version":[{"id":1285,"href":"https:\/\/www.asv-kiel.de\/fidk\/index.php?rest_route=\/wp\/v2\/pages\/1282\/revisions\/1285"}],"wp:attachment":[{"href":"https:\/\/www.asv-kiel.de\/fidk\/index.php?rest_route=%2Fwp%2Fv2%2Fmedia&parent=1282"}],"curies":[{"name":"wp","href":"https:\/\/api.w.org\/{rel}","templated":true}]}}

<p><strong><em>&#8222;Über den Atlantik? Mit was für einem Schiff denn?&#8220;</em></strong><br />
Diese Frage hören wir oft, daher gibt es hier ein paar Informationen zu unserem Schiff.</p>
<p><a href="https://www.asv-kiel.de/fidk/wp-content/uploads/2012/10/Dsv-peter-2.jpg" rel="lightbox-gallery"><img loading="lazy" class="alignleft size-thumbnail wp-image-1304" title="Peter von Danzig am Wind" src="https://www.asv-kiel.de/fidk/wp-content/uploads/2012/10/Dsv-peter-2-e1350024648655-150x150.jpg" alt="" width="150" height="150" /></a>Der <em>Peter von Danzig</em> ist ein 55 Fuß Seekreuzer, gebaut nach einem Entwurf von Georg Nissen bei den Thyssen Nordseewerken in Emden 1992. Er ersetzt den gleichnamigen Vorgänger, der über 50 Jahre für die Hochseesegeltradition des Akademischen Segler-Vereins stand.<br />
Der <em>Peter von Danzig</em> wurde speziell nach den Anforderungen des ASV nach einer schnellen und sicheren Hochseesegelyacht konstruiert und gebaut.</p>
<p>Seit seiner Indienststellung 1992 hat sich der <em>Peter</em> überaus erfolgreich im Hochseesegelsport bewährt. Er überquerte bereits zehnmal den Atlantik, segelte nach Grönland und Island und umrundete in einer Hochseeregatta einmal den Globus. Der <em>Peter</em> ist regelmäßiger Teilnehmer an Kieler Woche, Nordseewoche und Cowes Week.</p>
<p><a href="https://www.asv-kiel.de/fidk/wp-content/uploads/2012/10/Peter_von_Danzig.jpg" rel="lightbox-gallery"><img loading="lazy" class="alignleft size-thumbnail wp-image-1284" title="Peter von Danzig" src="https://www.asv-kiel.de/fidk/wp-content/uploads/2012/10/Peter_von_Danzig-150x150.jpg" alt="" width="150" height="150" /></a>Mit dem <em>Peter von Danzig</em> ermöglicht der ASV Studentinnen und Studenten das Erlernen des Hochseesegelns. Auf 17 Metern Länge finden 12 Crewmitglieder Platz, die gemeinsam den <em>Peter</em> über die Ozeane segeln. An Deck wird der <em>Peter</em> als sportliche Regattayacht gesegelt. Das bedeutet, dass es keine Rollsegel gibt, jeder Segelwechsel wird von Hand vorbereitet und im Team durchgeführt. Elektrische Winschen sucht man vergeblich, die Schoten und Fallen werden mit <a href="https://www.asv-kiel.de/fidk/wp-content/uploads/2012/09/Farewell_4.jpg" rel="lightbox-gallery"><img loading="lazy" class="alignleft size-thumbnail wp-image-1244" title="Farewell Peter von Danzig" src="https://www.asv-kiel.de/fidk/wp-content/uploads/2012/09/Farewell_4-150x150.jpg" alt="Farewell Peter von Danzig!" width="150" height="150" /></a>Muskelkraft eisern dichtgeholt, genau wie auf professionellen Regattayachten. Die Segelgarderobe des <em>Peter</em> kann den Wind- und Wellenverhältnissen ständig optimal angepasst werden: So stehen für Amwindkurse drei unterschiedlich große Vorsegel zur Verfügung, auf Kursen vor dem Wind können drei unterschiedliche farbenfrohe Spinnaker gesetzt werden, und für den Einsatz im Sturm liegen Trysegel und Sturmfock bereit.</p>
<p>Unter Deck bietet der <em>Peter</em> seiner Crew eine für die Langfahrt optimierte Innenaufteilung. Für die persönliche Ruhe stehen 10 feste Kojen zur Verfügung. Ein großer, gemütlicher Salon bietet gemeinsamen Aufenthalt auf See und im Hafen. Und die Navigation hält alle erdenklichen Raffinessen zeitgemäßer aber auch traditioneller Seefahrt vor: Sextant, GPS, AIS, elektronischer NAVTEX- und Wetterfaxempfänger, Kurz- und Grenzwellenfunk, UKW-DSC Sprechfunk, Satellitentelefon, Inmarsat-C, Bord-PC, &#8230;.</p>
<p>Eine chronologische Übersicht über die bisher durchgeführten Reisen kann auf unserer <a href="http://www.asv-kiel.net/pages/unsere-schiffe/peter-von-danzig.php" target="_blank">Vereinshomepage </a>eingesehen werden.</p>
<p><strong>Technische Daten:</strong></p>
<table border="1" cellspacing="0" cellpadding="5">
<tbody>
<tr>
<th>Typ</th>
<td>Nissen 55</td>
</tr>
<tr>
<th>Werft</th>
<td>Thyssen Nordseewerke, Emden</td>
</tr>
<tr>
<th>Baujahr</th>
<td>1992</td>
</tr>
<tr>
<th>Takelung</th>
<td>Sloop, kuttergetakelt</td>
</tr>
<tr>
<th>Länge über alles</th>
<td>17,01 m (55 ft)</td>
</tr>
<tr>
<th>Breite</th>
<td>4,85 m</td>
</tr>
<tr>
<th>Tiefgang</th>
<td>2,97 m</td>
</tr>
<tr>
<th>Verdrängung</th>
<td>19,89 t</td>
</tr>
<tr>
<th>Masthöhe über Wasserlinie</th>
<td>25 m</td>
</tr>
<tr>
<th>Segelfläche</th>
<td>190 m² (am Wind) / 240 m² (Spi)</td>
</tr>
<tr>
<th>Besatzung</th>
<td>8 &#8211; 12</td>
</tr>
<tr>
<th>Fahrtgebiet</th>
<td>Weltweit</td>
</tr>
</tbody>
</table>
<p><a href="https://www.asv-kiel.de/fidk/wp-content/uploads/2012/10/PvD-Riss-komplett-sw.png" rel="lightbox-gallery"><img loading="lazy" class="aligncenter size-large wp-image-1286" title="PvD Riss komplett sw" src="https://www.asv-kiel.de/fidk/wp-content/uploads/2012/10/PvD-Riss-komplett-sw-1024x705.png" alt="" width="584" height="402" srcset="https://www.asv-kiel.de/fidk/wp-content/uploads/2012/10/PvD-Riss-komplett-sw-1024x705.png 1024w, https://www.asv-kiel.de/fidk/wp-content/uploads/2012/10/PvD-Riss-komplett-sw-300x206.png 300w, https://www.asv-kiel.de/fidk/wp-content/uploads/2012/10/PvD-Riss-komplett-sw-768x529.png 768w, https://www.asv-kiel.de/fidk/wp-content/uploads/2012/10/PvD-Riss-komplett-sw-436x300.png 436w, https://www.asv-kiel.de/fidk/wp-content/uploads/2012/10/PvD-Riss-komplett-sw-170x117.png 170w, https://www.asv-kiel.de/fidk/wp-content/uploads/2012/10/PvD-Riss-komplett-sw-600x413.png 600w, https://www.asv-kiel.de/fidk/wp-content/uploads/2012/10/PvD-Riss-komplett-sw-435x300.png 435w, https://www.asv-kiel.de/fidk/wp-content/uploads/2012/10/PvD-Riss-komplett-sw.png 1298w" sizes="(max-width: 584px) 100vw, 584px" /></a></p>

<p>&#8222;Über den Atlantik? Mit was für einem Schiff denn?&#8220; Diese Frage hören wir oft, daher gibt es hier ein paar Informationen zu unserem Schiff. Der Peter von Danzig ist ein 55 Fuß Seekreuzer, gebaut nach einem Entwurf von Georg Nissen &hellip; <a href="https://www.asv-kiel.de/fidk/?page_id=1282">Weiterlesen <span class="meta-nav">&rarr;</span></a></p>
